+ 14. What is the tens digit of 123/b + 4/12?
1
Let i(s) = s**3 - 5*s**2 - 2. Let o be i(5). What is the units digit of 5/o*(1 + -11)?
5
Suppose -4*u - 95 = 9. What is the units digit of (7 + -5)/((-2)/u)?
6
What is the units digit of 6/10*(-5 + 10)?
3
Let v(b) = -7*b**3 - 2*b. What is the tens digit of v(-2)?
6
Let x(m) = -2*m - 3. Let v be x(-3). Suppose -v*l = 3*s - 84, 4*s + l - 148 = -s. What is the units digit of s?
0
What is the units digit of 1/(-5) - (-324)/45?
7
Suppose -1 = -4*u + 19, -4*u - 34 = -3*x. What is the units digit of x?
8
Suppose 3*h + 416 - 167 = 0. Let z = -39 - h. Let m = z - 25. What is the units digit of m?
9
Suppose -3*n - 5 = -23. Suppose p + 165 = n*p. What is the units digit of p?
3
What is the units digit of (-2)/9 + (-411)/(-27)?
5
Suppose 0 = -2*m + m + 136. What is the units digit of 2/3 - m/(-12)?
2
Let y = -1 - -4. Suppose -7*a = -y*a - 20. What is the units digit of a?
5
Let y be (-6)/(-4)*(-48)/(-9). Let z(p) = -y + 1 + 2*p + 1 + 1. What is the tens digit of z(8)?
1
Suppose 5*m + c - 6*c = 295, -5*m = 5*c - 245. What is the tens digit of m?
5
What is the units digit of (-55)/2*16/(-20)?
2
Suppose 0 = -3*m - 2*m + 20. Let q = -3 + m. What is the units digit of ((-4)/q)/2*-5?
0
Suppose -7*t = -3*t + 12. Let g(j) = -7*j. What is the tens digit of g(t)?
2
Let a(j) = -j**2 + 14*j - 8. What is the tens digit of a(8)?
4
Suppose -112 - 55 = -b. What is the hundreds digit of b?
1
Suppose -2*w - w = 6. Let t(p) = -3*p - 2. What is the units digit of t(w)?
4
Let w be (-1405)/(-35) - 1/7. Let m = 75 - w. What is the tens digit of m?
3
Let i(n) = 2*n - 3. Let m be i(4). Suppose 4*y - m = 3*a, -2*a + 5*a - 5*y = -10. What is the units digit of a?
5
Let n = 22 - 8. Let a = -29 - -40. Suppose 0*b - 2*b = -2*v + n, -5*v + a = b. What is the units digit of v?
3
Suppose -f - 55 = -6*f. Suppose 0 = 7*v - f*v + 68. What is the tens digit of v?
1
Let l(u) = u**3 + 6*u**2 + 7*u. Let c be l(-5). Let o be -3*(-2)/18*-6. What is the tens digit of ((-32)/(-10))/o*c?
1
Let a(k) = -k**2 - 4*k - 3. Let t be a(-3). Suppose 3*o - o - 34 = t. What is the tens digit of o?
1
Suppose 0 = -2*w + 4*s - 20, s - 1 = -5*w + 4. Suppose y - 3 = -w, -5*t - 58 = -y. What is the tens digit of 0 + -1 - 1*t?
1
Let j be 0 - (-1)/((-4)/(-12)). Suppose 3*v - a - a - 6 = 0, -5*a = 15. Suppose j*d - 6*d + 24 = v. What is the units digit of d?
8
Let i be 2*2/(-8)*12. Let r be (2/i*0)/3. Let m = 5 + r. What is the units digit of m?
5
Let s be (39/26)/(2/4). What is the units digit of ((s - 2) + -16)*-1?
5
Let o = 238 + -114. Let a = o + -86. Suppose 8 - a = -5*p. What is the units digit of p?
6
Suppose -5*i + 20 = 0, -w - 5*i + 37 = -10. What is the tens digit of w?
2
Let k(i) be the third derivative of i**6/120 + 2*i**5/15 + 5*i**4/24 + 2*i**2. Let w = -12 - -5. What is the units digit of k(w)?
4
Let a(w) = 2*w**2 - 2*w. Let u be a(-3). What is the tens digit of (-3)/9 + 512/u?
2
Let k(t) = -t**3 + 7*t**2 - 5*t + 8. Let x be k(6). Suppose -h = h - x. Suppose -a - 1 = -h. What is the units digit of a?
6
Let b(k) = k**2 - 4*k + 5. Let w(d) = 2*d - 1. Let f be w(3). What is the units digit of b(f)?
0
Let k = 4 + -1. Suppose z + 33 = 5*n - 3*z, -2*n - k*z = -4. Let f = n + -1. What is the units digit of f?
4
Let l = 294 + -62. What is the tens digit of l?
3
Suppose -8 - 2 = 3*p + 2*j, 6 = -3*j. Let b be (-36)/(-8) - (-3)/p. Suppose -5*y + b*y = -20. What is the units digit of y?
0
Let d be 2/6 - (-44)/(-6). Let h(y) = -2*y**2 + 9*y + 7. Let r(a) = a**2 - 8*a - 6. Let s(x) = -2*h(x) - 3*r(x). What is the units digit of s(d)?
1
Let s(t) = -2*t - 1. Let u be s(-6). Let k(o) = o**2 - 9*o - 1. What is the units digit of k(u)?
1
Suppose w + k = 7, w - 3*k = 2*w - 17. Let t = w + 2. What is the units digit of t?
4
Suppose 2*q + m + 26 = -13, -4*q - 84 = 4*m. Let w = q - -26. Suppose -s - 4*d + 19 = 0, -s + 6*d - w = d. What is the units digit of s?
7
Let a = -503 + 300. What is the tens digit of (2/(-2))/(7/a)?
2
Let u be 1/2 + 102/(-12). Let j = -5 - u. Suppose -4*z + 47 = -3*c + 12, -j*c = 3*z. What is the units digit of z?
5
Suppose 5*f + 32 = r, -2*r - 3*r + 45 = -2*f. Let p(d) = 3*d - 5. What is the units digit of p(r)?
6
Suppose -4 = z, 3*o + 2*o - 105 = 5*z. What is the tens digit of o?
1
Let b(u) = -4*u. What is the units digit of b(-3)?
2
Let p(h) be the first derivative of -h**3/6 + 13*h**2/2 - h + 4. Let z(n) be the first derivative of p(n). What is the tens digit of z(0)?
1
What is the hundreds digit of 5*(-8)/(-20)*399/6?
1
Suppose -3*v + 6*v - 12 = 0. What is the units digit of 12/8 + 34/v?
0
Let d = 105 - 165. Let k = 107 + d. What is the tens digit of k?
4
Suppose 0 = 4*l - 13 - 7. Let s = 6 + l. What is the tens digit of s?
1
Let b = -18 - -54. What is the tens digit of b?
3
Let k = 17 + -11. Let q be k/(-6)*(-1 - 1). Suppose q*l = 25 + 1. What is the units digit of l?
3
Let r(t) = -8*t + 1. Let q be r(-4). Suppose 0 = -3*v - 12, 0 = 4*u + 2*v - 4*v - 40. Suppose -u = 5*y - q. What is the units digit of y?
5
Let k = 9 - -19. What is the tens digit of k?
2
Let l be -1*((-10 - -2) + -1). Let m = -10 + 14. Let g = l - m. What is the units digit of g?
5
Let y = -4 - -8. Suppose -b - 2*b + y*d + 62 = 0, b + 3*d - 12 = 0. What is the units digit of (-1 + -11)*(-6)/b?
4
Suppose 5*x + 4*g - 9 = 0, 4*x + 0*x - 3*g - 32 = 0. Suppose 5*j - 57 = 2*t, t - x*j - 6 = 2*t. Let d = t - -29. What is the units digit of d?
8
Let d = -2 + 3. Suppose 0 = -4*f + 20, f + d - 2 = -2*o. What is the units digit of (-1)/(o*(-2)/(-28))?
7
Suppose -2*h = -0*h + 36. What is the units digit of 9/12 - h/8?
3
Suppose b = 9 + 31. What is the units digit of b?
0
Let j(z) = -1 + 0*z + 4 + 11*z - 10*z**2 - z**3. Let f(l) = l - 5. Let g be f(-6). What is the units digit of j(g)?
3
Suppose 8*w = 6*w - l + 424, -4*w - 5*l = -842. What is the units digit of w?
3
Let o = 77 + -42. What is the units digit of o?
5
Suppose 0 = 29*f - 27*f - 360. What is the units digit of f?
0
Suppose 4*h + 136 = 4*a, 5*a + 5*h - 75 = 3*a. What is the tens digit of a?
3
Suppose -3*r = 25 - 4. Let c = r + 12. What is the units digit of c?
5
Let h(q) = -q**3 + 6*q**2 - 6*q + 5. Let g be h(5). Let f(o) = o - 19. Let d be f(g). Let i = -7 - d. What is the tens digit of i?
1
Let r = 1 + -2. Let m = r - -7. Let o(n) = n**2 - 4*n - 4. What is the units digit of o(m)?
8
Let z(j) = 40*j + 2. Let m(p) = -41*p - 1. Let c(x) = -4*m(x) - 3*z(x). What is the tens digit of c(1)?
4
Let x(v) be the first derivative of -17*v**4/4 - v**2 - v - 2. Let q be x(-1). Suppose -7*c + q = -5*c. What is the units digit of c?
9
Let i(g) = -g + 2. Let j(u) = 3*u - 5. Let a(m) = 5*i(m) + 2*j(m). Let q be a(0). Let f = q - -2. What is the units digit of f?
2
Let y = -24 - -12. Let b(h) = -h**2 - 15*h - 10. What is the tens digit of b(y)?
2
Let f(m) = m + 12. Let y be f(-9). Let a = y - 3. Suppose 4 = j - a. What is the units digit of j?
4
Suppose -168 + 486 = 3*p. What is the units digit of p?
6
Let l = 36 + 8. What is the tens digit of l?
4
Let a = 54 + -38. Suppose -2*g = 2*g - a. Suppose -60 = -4*d - g*x + 24, 0 = 4*x. What is the tens digit of d?
2
Suppose -2*u - 7 + 1 = 0. Let q = -1 - u. Suppose -3*a - q*a = m + 17, 0 = 3*m + 3*a + 3. What is the units digit of m?
3
Let q(o) = -o**3 - 5*o**2 + 6*o. Let d be q(-6). Suppose 9 = 4*i - 7. Let k = i + d. What is the units digit of k?
4
Let c = 7 + -10. Let k(i) = i**3 + 3*i**2 + 4. Let v be k(c). Suppose -n + v = 1. What is the units digit of n?
3
Let d be (-24)/(-14) + 4/14. Suppose 4*n - 4*s = -n + 124, 0 = 2*n + d*s - 64. What is the tens digit of n?
2
Let c = 5 - 5. Suppose c = 3*w - 16 - 11. What is the units digit of w?
9
Let g = 5 - 2. Let x be g + 2/(-4)*-2. Suppose 0 = -x*s + 2*s + 10. What is the units digit of s?
5
Let c(k) = 1. Let b(y) = -2*y + 12. Let x(n) = -2*b(n) + 22*c(n). Let f(l) = l. Let i(a) = 5*f(a) - x(a). What is the units digit of i(0)?
2
Suppose 0 = 2*m + 2*q - 1 - 33, -5*q = -m - 13. Let c = 18 - m. What is the tens digit of -10*(-2)/10*c?
1
Let f be 0/(-1) + 0/(-2). Let j(t) = t**2 + t + 21. Let c be j(f). Suppose -5*w - 18 = a - 44, -3*a + 4*w + c = 0. What is the units digit of a?
1
Let r be (-4)/((-25)/9 + 3). Let f = 38 + r. What is the tens digit of f?
2
